e 744?
True
Does 27 divide 891?
True
Does 16 divide 4497?
False
Does 6 divide 3438?
True
Is 3338 a multiple of 19?
False
Is 10 a factor of 2196?
False
Does 40 divide 9680?
True
Is 69 a factor of 11799?
True
Is 18284 a multiple of 28?
True
Is 1663 a multiple of 8?
False
Does 7 divide 759?
False
Does 66 divide 15014?
False
Is 10919 a multiple of 15?
False
Is 130 a factor of 8764?
False
Does 21 divide 661?
False
Does 10 divide 640?
True
Is 6 a factor of 634?
False
Does 38 divide 1268?
False
Does 43 divide 513?
False
Is 1303 a multiple of 43?
False
Is 2291 a multiple of 29?
True
Is 1512 a multiple of 24?
True
Is 1734 a multiple of 51?
True
Does 9 divide 3009?
False
Is 8061 a multiple of 4?
False
Is 173 a factor of 5674?
False
Is 4 a factor of 342?
False
Is 133 a multiple of 84?
False
Does 120 divide 5053?
False
Is 3150 a multiple of 126?
True
Does 2 divide 471?
False
Does 7 divide 672?
True
Does 67 divide 596?
False
Is 37 a factor of 1295?
True
Does 11 divide 8382?
True
Is 36942 a multiple of 18?
False
Does 205 divide 1845?
True
Does 149 divide 8791?
True
Is 21 a factor of 1016?
False
Does 29 divide 726?
False
Does 23 divide 47375?
False
Is 45 a factor of 315?
True
Does 84 divide 588?
True
Is 4698 a multiple of 58?
True
Does 21 divide 31?
False
Does 13 divide 3128?
False
Does 133 divide 6846?
False
Does 8 divide 2525?
False
Is 9 a factor of 2997?
True
Is 12460 a multiple of 28?
True
Is 7524 a multiple of 66?
True
Is 29 a factor of 209?
False
Is 1295 a multiple of 106?
False
Is 68 a factor of 3808?
True
Does 63 divide 1512?
True
Is 2172 a multiple of 12?
True
Does 6 divide 632?
False
Does 18 divide 34783?
False
Is 60 a factor of 7522?
False
Does 5 divide 17115?
True
Is 78 a factor of 974?
False
Does 14 divide 10643?
False
Is 19012 a multiple of 28?
True
Does 29 divide 60001?
True
Does 15 divide 29802?
False
Is 40 a factor of 32960?
True
Does 30 divide 134490?
True
Is 8 a factor of 552?
True
Does 9 divide 480?
False
Is 41 a factor of 533?
True
Is 1728 a multiple of 24?
True
Is 13 a factor of 5551?
True
Is 9 a factor of 2232?
True
Does 130 divide 5590?
True
Is 864 a multiple of 16?
True
Does 14 divide 5200?
False
Does 47 divide 1118?
False
Is 17 a factor of 272?
True
Does 31 divide 2608?
False
Does 17 divide 8619?
True
Is 7 a multiple of 2?
False
Does 21 divide 17283?
True
Is 8383 a multiple of 28?
False
Is 3652 a multiple of 11?
True
Is 33088 a multiple of 44?
True
Is 90 a factor of 3085?
False
Is 268 a multiple of 67?
True
Does 95 divide 1425?
True
Is 7241 a multiple of 13?
True
Is 7210 a multiple of 6?
False
Is 16506 a multiple of 162?
False
Is 23 a factor of 42757?
True
Is 18762 a multiple of 53?
True
Does 81 divide 16929?
True
Does 101 divide 7303?
False
Is 140 a factor of 46200?
True
Is 14 a factor of 443?
False
Is 16 a factor of 5758?
False
Does 18 divide 602?
False
Is 522 a multiple of 40?
False
Is 3120 a multiple of 60?
True
Is 17 a factor of 190?
False
Is 4 a factor of 55924?
True
Does 18 divide 5185?
False
Is 1417 a multiple of 13?
True
Does 20 divide 223?
False
Does 28 divide 476?
True
Is 901 a multiple of 7?
False
Is 25010 a multiple of 10?
True
Is 3605 a multiple of 5?
True
Is 51199 a multiple of 6?
False
Does 7 divide 218?
False
Is 7 a factor of 1949?
False
Is 90 a multiple of 12?
False
Is 42105 a multiple of 21?
True
Does 21 divide 1423?
False
Is 19 a factor of 4954?
False
Is 350 a multiple of 10?
True
Does 58 divide 874?
False
Is 4 a factor of 58?
False
Is 30 a factor of 5070?
True
Is 66 a factor of 4554?
True
Is 90521 a multiple of 27?
False
Is 164 a multiple of 4?
True
Is 53 a factor of 3074?
True
Does 150 divide 6000?
True
Is 17754 a multiple of 93?
False
Is 133 a factor of 9016?
False
Does 4 divide 99?
False
Does 97 divide 45590?
True
Does 43 divide 63?
False
Is 11 a factor of 2002?
True
Is 55 a factor of 1430?
True
Does 12 divide 168?
True
Is 116715 a multiple of 251?
True
Is 21607 a multiple of 17?
True
Is 47 a multiple of 10?
False
Does 53 divide 1537?
True
Is 721 a multiple of 23?
False
Does 60 divide 7416?
False
Is 756 a multiple of 28?
True
Is 109 a multiple of 17?
False
Is 1975 a multiple of 62?
False
Does 89 divide 11656?
False
Does 4 divide 8?
True
Is 85 a factor of 908?
False
Is 13 a factor of 143?
True
Is 21 a factor of 2436?
True
Is 10738 a multiple of 26?
True
Is 84 a factor of 504?
True
Is 54466 a multiple of 226?
True
Is 50 a factor of 5457?
False
Is 234 a factor of 58734?
True
Is 9211 a multiple of 151?
True
Does 15 divide 630?
True
Is 162 a multiple of 11?
False
Is 13 a factor of 2600?
True
Is 33 a factor of 627?
True
Is 6 a factor of 1484?
False
Is 17 a factor of 8747?
False
Is 6 a factor of 132?
True
Is 11667 a multiple of 15?
False
Does 64 divide 3103?
False
Is 3801 a multiple of 11?
False
Is 152 a factor of 6782?
False
Does 191 divide 47177?
True
Does 115 divide 186300?
True
Does 3 divide 361?
False
Does 51 divide 2104?
False
Is 444 a multiple of 12?
True
Is 39006 a multiple of 149?
False
Is 155 a factor of 18910?
True
Is 7204 a multiple of 18?
False
Is 7 a factor of 13?
False
Does 70 divide 210?
True
Is 18 even?
True
Is 47 a factor of 3008?
True
Is 20477 a multiple of 15?
False
Does 9 divide 1251?
True
Is 37 a factor of 74?
True
Is 79310 a multiple of 74?
False
Is 7524 a multiple of 9?
True
Is 7 a factor of 468?
False
Does 104 divide 2274?
False
Does 3 divide 51?
True
Does 7 divide 14?
True
Is 16569 a multiple of 22?
False
Is 17 a factor of 115?
False
Is 22 a factor of 5808?
True
Does 51 divide 6018?
True
Is 9766 a multiple of 35?
False
Is 15618 a multiple of 86?
False
Is 26 a factor of 5713?
False
Does 5 divide 4185?
True
Does 15 divide 152535?
True
Is 5 a factor of 96?
False
Is 716 a multiple of 4?
True
Is 6 a factor of 1110?
True
Is 2431 a multiple of 126?
False
Is 11 a factor of 33878?
False
Does 237 divide 40527?
True
Is 1089 a multiple of 99?
True
Is 282 a factor of 35090?
False
Is 34 a factor of 13498?
True
Is 6008 a multiple of 7?
False
Does 117 divide 150?
False
Does 69 divide 2281?
False
Does 7 divide 3425?
False
Is 630 a multiple of 5?
True
Does 13 divide 27418?
False
Does 157 divide 29180?
False
Is 2025 a multiple of 45?
True
Is 3451 a multiple of 17?
True
Is 25 a factor of 11104?
False
Is 138 a factor of 6348?
True
Does 43 divide 215?
True
Is 82990 a multiple of 49?
False
Is 9 a factor of 2938?
False
Is 2582 a multiple of 15?
False
Does 72 divide 1080?
True
Does 50 divide 32766?
False
Is 12 a factor of 1409?
False
Is 4 a factor of 1346?
False
Does 12 divide 48203?
False
Does 72 divide 798?
False
Does 23 divide 56?
False
Is 106 a factor of 3604?
True
Is 68 a factor of 14035?
False
Is 49 a factor of 2411?
False
Is 580 a multiple of 29?
True
Does 187 divide 22906?
False
Does 4 divide 397?
False
Does 33 divide 36317?
False
Is 1457 a multiple of 47?
True
Is 4 a factor of 630?
False
Is 2438 a multiple of 16?
False
Does 53 divide 5141?
True
Is 28600 a multiple of 260?
True
Is 936 a multiple of 12?
True
Does 3 divide 42?
True
Is 8301 a multiple of 231?
False
Is 14 a factor of 16884?
True
Is 1400 a multiple of 14?
True
Is 198 a multiple of 11?
True
Is 14 a factor of 37?
False
Does 39 divide 3423?
False
Is 17 a factor of 54848?
False
Is 915 a multiple of 16?
False
Is 19 a factor of 31683?
False
Does 112 divide 5936?
True
Is 14 a factor of 7899?
False
Is 3772 a multiple of 23?
True
Does 5 divide 60?
True
Is 425 a multiple of 15?
False
Does 4 divide 3168?
True
Is 5 a factor of 78?
False
Is 1492 a multiple of 20?
False
Does 111 divide 1443?
True
Does 70 divide 2100?
True
Is 19 a factor of 138938?
False
Is 4 a factor of 60?
True
Is 4 a factor of 40451?
False
Is 6 a factor of 143?
False
Does 103 divide 7573?
False
Does 26 divide 312?
True
Does 7 divide 27285?
False
Is 23210 a multiple of 22?
True
Is 23 a factor of 191?
False
Does 128 divide 1408?
True
Is 10 a factor of 221?
False
Is 12155 a multiple of 65?
True
Is 13 a factor of 1287?
True
Is 43509 a multiple of 134?
False
Is 44 a factor of 2156?
True
Does 59 divide 2084?
False
Does 10 divide 3837?
False
Is 7904 a multiple of 27?
False
Does 24 divide 857?
False
Is 33 a factor of 3795?
True
Is 198 a multiple of 6?
True
Is 11780 a multiple of 90?
False
Is 12 a factor of 22872?
True
Is 2774 a multiple of 20?
False
Is 27892 a multiple of 70?
False
Does 12 div